 f(101)?
-4
Let f(v) = 2514*v - 739118. Determine f(294).
-2
Let a(k) = -7713*k - 215341. Determine a(-28).
623
Let i(c) = c**2 + 1194*c + 13. Calculate i(0).
13
Let y(d) = 13406*d - 52651. Give y(4).
973
Let s(o) = 1683*o + 18244. Determine s(-11).
-269
Let w(h) = h**3 - 358*h**2 + 2792*h + 2657. Determine w(350).
-143
Let y(p) = p**2 - 2*p - 26. Calculate y(12).
94
Let p(n) = 2*n**2 - 11693*n - 613436. Give p(-52).
8
Let v(m) = -782*m**2 + 4692*m. What is v(6)?
0
Let h(c) = c**3 - 22*c**2 - 304*c - 1205. Determine h(33).
742
Let g(d) = 554*d**3 + 32*d**2 - 30*d. What is g(1)?
556
Let p(j) = j**3 - 7*j**2 + 3925*j - 27467. What is p(7)?
8
Let i(w) = 3*w**3 - 852*w**2 + 1679*w + 2693. Give i(282).
-973
Let g(a) = -a**3 + 118*a**2 - 1786*a + 37. Calculate g(18).
289
Let a(u) = 282*u**2 + 1519*u - 124. What is a(-6)?
914
Let f(q) = 484*q + 128732. Give f(-266).
-12
Let r(x) = 683*x + 26483. Determine r(-38).
529
Let q(i) = 5*i**3 + 618*i**2 - 251*i - 167. What is q(-124)?
205
Let l(x) = 1155531*x + 1155557. What is l(-1)?
26
Let r(b) = 2*b**3 + 46*b**2 + 3*b - 1270. What is r(-22)?
-368
Let c(o) = -2*o**3 - 72*o**2 - 163*o - 916. Calculate c(-34).
2
Let a(i) = 6529*i + 254667. Determine a(-39).
36
Let y(n) = -n**3 + 56*n**2 + 244*n - 7275. Calculate y(58).
149
Let b(y) = 2*y**2 - 17297*y - 86528. What is b(-5)?
7
Let w(j) = 9*j**3 + 5438*j**2 + 1204*j - 2325. Determine w(-604).
91
Let b(m) = m**3 - 356*m**2 - 759*m + 143545. Give b(357).
31
Let d(o) = -o**3 - 162*o**2 - 944*o - 1188. Give d(-156).
60
Let b(u) = -u**3 - 6*u**2 + 233*u + 1995. Give b(-10).
65
Let i(h) = -1875*h + 127511. Give i(68).
11
Let a(q) = -22175*q**2 + 288306*q - 422. Give a(13).
-19
Let c(f) = 2*f**2 - 2631*f + 222847. Give c(91).
-12
Let r(m) = -2415*m - 45824. Calculate r(-19).
61
Let x(k) = -18*k**2 - 148*k - 388. Give x(-10).
-708
Let p(g) = -782*g - 3816. What is p(-5)?
94
Let z(m) = -157305*m - 943784. Give z(-6).
46
Let r(o) = o**3 + 358*o**2 - 668*o - 110928. Determine r(-359).
3
Let g(v) = -161*v**2 + 78*v - 8. Give g(1).
-91
Let w(g) = -26019*g + 1925413. Calculate w(74).
7
Let l(f) = 25451*f + 2087031. Determine l(-82).
49
Let t(l) = 7*l**2 - 2365*l + 33604. Calculate t(323).
12
Let k(d) = -4*d**2 + 142*d - 7. Determine k(1).
131
Let a(l) = 1058*l - 61374. Give a(58).
-10
Let q(y) = -y**3 + 8*y**2 + 470*y + 64. Calculate q(-16).
-1312
Let x(g) = 11*g**2 - 4490*g - 31148. What is x(415)?
-23
Let h(k) = k**3 + 3*k**2 - 563*k + 2753. Calculate h(5).
138
Let p(j) = -2*j**3 - 117*j**2 + 208*j + 889. Determine p(-60).
-791
Let q(t) = 47*t**3 + 150*t**2 - 114*t - 35. Give q(1).
48
Let y(m) = 84*m + 3232. Calculate y(-39).
-44
Let r(z) = 8*z**2 - 842*z - 21242. What is r(-21)?
-32
Let o(k) = k**2 - 3234*k + 1138384. Give o(402).
-80
Let u(n) = 2165*n + 25540. Calculate u(-12).
-440
Let c(p) = -5*p**3 + 80*p**2 + 369*p - 5922. What is c(15)?
738
Let a(k) = 116124*k + 17650847. Give a(-152).
-1
Let p(q) = -5*q**2 + 545*q + 332. Calculate p(108).
872
Let u(z) = 4*z**2 + 350*z - 358. Give u(-74).
-4354
Let u(b) = 9*b**2 - 267*b + 1149. Calculate u(8).
-411
Let o(k) = 3950*k + 62991. Give o(-16).
-209
Let z(u) = -10506*u + 4633161. Give z(441).
15
Let d(h) = 7*h**2 + 1668*h - 8016. What is d(-243)?
3
Let x(w) = 7183*w + 50282. Give x(-7).
1
Let y(l) = l**2 + 110847*l - 2439151. What is y(22)?
-33
Let r(t) = -53*t**2 + 2589*t - 29. Give r(49).
-421
Let g(r) = -18*r**3 + 256*r**2 - 48*r + 31. Calculate g(14).
143
Let o(p) = p**2 + 87*p - 34790. Determine o(-235).
-10
Let c(d) = 74*d - 7752. Determine c(113).
610
Let s(h) = 1605*h**2 + 17653*h - 5. What is s(-11)?
17
Let b(n) = 239*n + 6617. Calculate b(-20).
1837
Let p(c) = -289*c + 10080. What is p(35)?
-35
Let b(c) = 2*c**2 + 1053*c - 140. Give b(0).
-140
Let p(a) = -471*a + 37194. What is p(80)?
-486
Let x(b) = -b**3 + 6809*b**2 - 61195*b - 58. Calculate x(9).
-13
Let q(c) = -c**3 - 20*c**2 - 27*c - 135. Determine q(-10).
-865
Let n(y) = -y**2 + 4285*y - 731035. Calculate n(178).
11
Let j(r) = 673*r + 4030. Calculate j(-8).
-1354
Let k(w) = 9899*w + 2207722. Give k(-223).
245
Let r(q) = q**2 - 1402*q + 146842. What is r(114)?
10
Let w(f) = 3*f**2 + 291*f - 25639. What is w(-153)?
65
Let g(f) = -414*f - 28119. Give g(-68).
33
Let q(i) = -3*i**2 - 5143*i + 125178. Give q(24).
18
Let w(a) = a**3 + 121*a**2 - 101*a + 779. Give w(-122).
-1783
Let d(p) = -p**3 + 119*p**2 + 115*p + 407. Determine d(120).
-193
Let a(m) = -m**2 + 3814*m - 2140927. Determine a(684).
-7
Let y(c) = 1235*c + 5245. What is y(-4)?
305
Let o(c) = -c**2 - 10626*c - 1291872. Calculate o(-123).
-3
Let y(s) = -1160*s - 147325. Give y(-127).
-5
Let r(j) = -2*j**2 - 353*j - 1827. Calculate r(-5).
-112
Let j(r) = 24758*r - 7303664. Determine j(295).
-54
Let q(n) = 37028*n + 4887695. Give q(-132).
-1
Let x(m) = -247*m - 12908. Determine x(-46).
-1546
Let z(y) = 3*y**2 + 19*y - 49. Calculate z(-8).
-9
Let u(i) = 2*i**2 - 700*i - 26955. Give u(-35).
-5
Let b(n) = -4*n**2 - 41124*n - 820874. Calculate b(-20).
6
Let y(z) = -z**3 - 11*z**2 + 10146*z + 141481. Calculate y(-14).
25
Let x(r) = -874*r**3 - 6*r**2 + 15*r - 11. Give x(1).
-876
Let c(y) = -159*y + 3852. Calculate c(21).
513
Let d(n) = n**2 + 957*n + 28687. Give d(-31).
-19
Let z(b) = 27433*b - 1508823. Give z(55).
-8
Let f(i) = 3*i**3 + 2482*i**2 + 5150*i + 391. Determine f(-2).
-5
Let r(z) = z**2 - 110*z + 3828. Calculate r(42).
972
Let q(d) = 241*d**2 - 379*d + 378. What is q(1)?
240
Let k(x) = 6592*x + 50844. Calculate k(-7).
4700
Let s(m) = -11*m**3 - 20*m**2 + 138*m - 1840. What is s(-7)?
-13
Let j(y) = 5*y**3 - 110*y**2 + 522*y - 9. What is j(12)?
-945
Let w(z) = -133*z - 9341. Give w(-70).
-31
Let x(i) = 29*i**3 - 262*i**2 - 8*i + 161. What is x(9)?
8
Let i(u) = 231*u**3 + 3694*u**2 - 9*u - 16. What is i(-16)?
-384
Let a(z) = -370*z - 40135. Calculate a(-124).
5745
Let n(h) = -18105*h - 271572. Determine n(-15).
3
Let s(a) = 3*a**2 + 283640*a - 1418279. Give s(5).
-4
Let u(d) = 6114*d + 862119. Determine u(-141).
45
Let v(l) = -258*l - 2253. Calculate v(-10).
327
Let m(i) = -32*i + 82. Determine m(-30).
1042
Let g(f) = -188*f**2 - 261*f - 268. What is g(-1)?
-195
Let i(p) = -116*p**2 - 26*p - 55. What is i(-3)?
-1021
Let w(t) = t**3 + 8*t**2 + 137*t + 819. Give w(-6).
69
Let o(u) = -8*u**3 + 24*u**2 - 31*u + 8. Calculate o(4).
-244
Let k(l) = 16*l**2 - 2579*l + 526. What is k(161)?
43
Let l(z) = -26*z**2 - 6477*z - 1700. Determine l(-249).
-953
Let l(m) = -m**3 + 22*m**2 - 22*m + 1902. What is l(24)?
222
Let q(k) = 2*k**2 + 518*k + 33555. Give q(-131).
19
Let t(s) = -98*s**2 - 1091*s - 2178. Give t(-2).
-388
Let u(b) = 30382*b + 1032981. What is u(-34)?
-7
Let o(d) = 44*d**2 + 876*d + 187. Determine o(-19).
-573
Let g(t) = -893*t**3 + 4*t**2 + 59*t + 57. What is g(-1)?
895
Let h(v) = -13338*v - 60513. What is h(-5)?
6177
Let s(j) = 59*j**3 - 8732*j**2 - 2*j + 547. Give s(148).
251
Let q(g) = -15900*g - 238504. Give q(-15).
-4
Let v(y) = -y**3 + 13*y**2 + 66*y + 33. Determine v(-5).
153
Let h(x) = 3*x**2 + 336*x + 7175. What is h(-83)?
-46
Let y(d) = -d**3 - 14*d**2 + 320*d + 2203. Determine y(-6).
-5
Let k(l) = -l**3 - 38*l**2 - 360*l - 53. Determine k(-20).
-53
Let g(i) = -i**2 - 91*i - 4579. Determine g(-36).
-2599
Let t(j) = -3*j**3 - 2271*j**2 - 33402*j - 167. What is t(-15)?
13
Let p(g) = -843*g + 21014. What is p(25)?
-61
Let z(r) = 3*r**2 + 4237*r + 231769. What is z(-57)?
7
Let n(w) = -1211*w + 5864. Give n(6).
-1402
Let x(t) = 4661*t + 93229. Determine x(-20).
9
Let p(m) = 17*m - 5499. Calculate p(325).
26
Let f(q) = -174*q - 7289. Give f(-45).
541
Let t(m) = 632*m + 128290. Calculate t(-203).
-6
Let v(t) = -168*t + 1554. Calculate v(11).
-294
Let l(j) = -2611*j - 114889. Give l(-44).
-5
Let v(p) = -184*p + 7539. What is v(41)?
-5
Let l(f) = -167*f + 20126. Calculate l(120).
86
Let h(m) = 179*m**2 + 12*m + 62. What is h(2)?
802
Let k(j) = -j**3 + 375*j**2 + 703*j + 162922. Calculate k(378).
4
Let r(h) = 3*h**2 + 4266*h - 1797212. Give r(340).
28
Let y(i) = 46054*i - 46053. Determine y(1).
1
Let d(i) = 12*i**2 - 830*i + 2493. Give d(66).
-15
Let y(l) = l**3 - 176*l**2 + 6229*l - 319. Determine y(49).
-25
Let h(j) = 2*j**3 + 191*j**2 - 1768*j + 28. What is h(-104)?
28
Let c(h) = 236*h - 82